163?
1
What is the hundred thousands digit of 4748019?
7
What is the units digit of 539131?
1
What is the tens digit of 791820?
2
What is the millions digit of 12435735?
2
What is the hundreds digit of 27192?
1
What is the hundred thousands digit of 750678?
7
What is the hundreds digit of 17288063?
0
What is the millions digit of 4782765?
4
What is the ten thousands digit of 7226661?
2
What is the units digit of 10143816?
6
What is the thousands digit of 221647?
1
What is the units digit of 115060?
0
What is the ten millions digit of 18057220?
1
What is the units digit of 185677?
7
What is the thousands digit of 285503?
5
What is the hundred thousands digit of 176626?
1
What is the hundreds digit of 2724435?
4
What is the ten thousands digit of 7939758?
3
What is the tens digit of 124379?
7
What is the units digit of 996279?
9
What is the units digit of 735372?
2
What is the thousands digit of 7928335?
8
What is the thousands digit of 7454137?
4
What is the millions digit of 1825672?
1
What is the hundreds digit of 6412478?
4
What is the tens digit of 483511?
1
What is the hundred thousands digit of 7995632?
9
What is the ten millions digit of 13765790?
1
What is the millions digit of 4234940?
4
What is the thousands digit of 884854?
4
What is the units digit of 498350?
0
What is the tens digit of 7840969?
6
What is the millions digit of 3042625?
3
What is the tens digit of 128387?
8
What is the hundreds digit of 150892?
8
What is the tens digit of 3797031?
3
What is the millions digit of 2656611?
2
What is the hundreds digit of 7423391?
3
What is the tens digit of 56513?
1
What is the tens digit of 943713?
1
What is the tens digit of 430868?
6
What is the hundreds digit of 589265?
2
What is the ten thousands digit of 828168?
2
What is the tens digit of 6838?
3
What is the thousands digit of 99106?
9
What is the units digit of 578678?
8
What is the hundred thousands digit of 519955?
5
What is the tens digit of 20352?
5
What is the ten thousands digit of 735732?
3
What is the thousands digit of 20947554?
7
What is the hundred thousands digit of 505029?
5
What is the thousands digit of 7949046?
9
What is the hundred thousands digit of 450826?
4
What is the thousands digit of 736346?
6
What is the units digit of 5154?
4
What is the hundred thousands digit of 234425?
2
What is the hundreds digit of 290853?
8
What is the units digit of 6624520?
0
What is the ten thousands digit of 368416?
6
What is the hundreds digit of 42470?
4
What is the units digit of 845185?
5
What is the units digit of 259250?
0
What is the ten thousands digit of 791575?
9
What is the hundred thousands digit of 270534?
2
What is the ten thousands digit of 4303023?
0
What is the millions digit of 2005722?
2
What is the units digit of 11992415?
5
What is the hundred thousands digit of 537904?
5
What is the hundreds digit of 1125874?
8
What is the tens digit of 2380174?
7
What is the units digit of 356026?
6
What is the tens digit of 541743?
4
What is the hundred thousands digit of 10027452?
0
What is the thousands digit of 6603768?
3
What is the ten thousands digit of 350741?
5
What is the tens digit of 2993170?
7
What is the units digit of 313431?
1
What is the hundred thousands digit of 159488?
1
What is the units digit of 176253?
3
What is the hundreds digit of 3217913?
9
What is the hundreds digit of 203405?
4
What is the thousands digit of 310801?
0
What is the units digit of 16668555?
5
What is the hundreds digit of 318071?
0
What is the thousands digit of 88285?
8
What is the hundreds digit of 60554?
5
What is the hundred thousands digit of 6688196?
6
What is the ten thousands digit of 117427?
1
What is the thousands digit of 5423288?
3
What is the hundreds digit of 77641?
6
What is the hundreds digit of 3306864?
8
What is the thousands digit of 1213515?
3
What is the thousands digit of 21328875?
8
What is the tens digit of 867032?
3
What is the hundred thousands digit of 2532155?
5
What is the millions digit of 2444829?
2
What is the hundred thousands digit of 440526?
4
What is the ten thousands digit of 1675726?
7
What is the hundreds digit of 30043261?
2
What is the thousands digit of 5736954?
6
What is the millions digit of 7676415?
7
What is the ten thousands digit of 766006?
6
What is the ten thousands digit of 15902506?
0
What is the thousands digit of 447781?
7
What is the hundreds digit of 9859509?
5
What is the hundreds digit of 6804440?
4
What is the hundred thousands digit of 820712?
8
What is the thousands digit of 491850?
1
What is the hundred thousands digit of 8459988?
4
What is the millions digit of 23067231?
3
What is the thousands digit of 2861966?
1
What is the hundred thousands digit of 19266025?
2
What is the units digit of 7322172?
2
What is the hundred thousands digit of 19254557?
2
What is the ten millions digit of 21913838?
2
What is the thousands digit of 527704?
7
What is the tens digit of 15109657?
5
What is the units digit of 1658708?
8
What is the hundred thousands digit of 275209?
2
What is the millions digit of 1715893?
1
What is the hundreds digit of 13808658?
6
What is the ten thousands digit of 2300159?
0
What is the hundred thousands digit of 4748291?
7
What is the hundreds digit of 504135?
1
What is the hundred thousands digit of 4992255?
9
What is the tens digit of 1077872?
7
What is the thousands digit of 1052607?
2
What is the units digit of 853294?
4
What is the hundreds digit of 6903581?
5
What is the tens digit of 1094473?
7
What is the units digit of 1904237?
7
What is the hundred thousands digit of 19297089?
2
What is the ten thousands digit of 1210543?
1
What is the hundred thousands digit of 398034?
3
What is the tens digit of 114861?
6
What is the hundred thousands digit of 1379662?
3
What is the tens digit of 4441900?
0
What is the ten thousands digit of 17145785?
4
What is the millions digit of 1670204?
1
What is the ten thousands digit of 1968098?
6
What is the units digit of 12647288?
8
What is the millions digit of 10200478?
0
What is the units digit of 7086692?
2
What is the tens digit of 811894?
9
What is the thousands digit of 237493?
7
What is the units digit of 981076?
6
What is the ten thousands digit of 4577472?
7
What is the units digit of 9488868?
8
What is the ten thousands digit of 98160?
9
What is the ten thousands digit of 163478?
6
What is the hundred thousands digit of 1043743?
0
What is the hundred thousands digit of 5452196?
4
What is the hundred thousands digit of 5672013?
6
What is the thousands digit of 7356248?
6
What is the ten thousands digit of 2732424?
3
What is the units digit of 3150539?
9
What is the units digit of 427250?
0
What is the thousands digit of 172509?
2
What is the millions digit of 3923192?
3
What is the hundred thousands digit of 928187?
9
What is the ten thousands digit of 6837865?
3
What is the tens digit of 651219?
1
What is the hundred thousands digit of 3291456?
2
What is the thousands digit of 12593117?
3
What is the tens digit of 501503?
0
What is the tens digit of 579616?
1
What is the tens digit of 304548?
4
What is the hundreds digit of 15379614?
6
What is the hundreds digit of 2028186?
1
What is the tens digit of 34025081?
8
What is the hundred thousands digit of 5243284?
2
What is the hundreds digit of 141014?
0
What is the tens digit of 3037918?
1
What is the hundreds digit of 87779?
7
What is the tens digit of 788834?
3
What is the ten millions digit of 23205455?
2
What is the ten thousands digit of 6121220?
2
What is the units digit of 503934?
4
What is the tens digit of 18112094?
9
What is the thousands digit of 197622?
7
What is the hundred thousands digit of 287211?
2
What is the units digit of 16617090?
0
What is the tens digit of 637626?
2
What is the ten thousands digit of 944126?
4
What is the units digit of 315545?
5
What is the tens digit of 4114976?
7
What is the hundreds digit of 276378?
3
What is the ten thousands digit of 1486674?
8
What is the hundred thousands digit of 10155915?
1
What is the units digit of 707204?
4
What is the tens digit of 4932271?
7
What is the millions digit of 8545806?
8
What is the units digit of 3351802?
2
What is the units digit of 983140?
0
What is the ten thousands digit of 4464511?
6
What is the thousands digit of